hat is -115305 (base 6) in base 5?
-312030
What is -110111011010 (base 2) in base 6?
-24230
What is 38014 (base 9) in base 3?
1022000111
What is -10112000 (base 3) in base 11?
-1a22
What is -304042 (base 6) in base 7?
-130415
What is 912 (base 10) in base 2?
1110010000
Convert 4b0 (base 14) to base 10.
938
-1099 (base 12) to base 10
-1845
Convert -2a (base 12) to base 11.
-31
-23163 (base 7) to base 10
-5925
Convert 680 (base 15) to base 12.
a26
What is 41 (base 14) in base 16?
39
What is 60b (base 12) in base 8?
1553
222211 (base 3) to base 14
39a
Convert e56 (base 16) to base 6.
24554
Convert 190 (base 12) to base 2.
11111100
What is 2d (base 16) in base 10?
45
-300303 (base 4) to base 5
-44443
What is -1020112 (base 3) in base 15?
-405
What is 140a (base 15) in base 12?
2591
101110101101110 (base 2) to base 7
126506
What is 1401520 (base 6) in base 15?
18263
6db (base 15) to base 14
7d2
Convert 4127 (base 8) to base 4.
201113
What is -cce5 (base 15) in base 16?
-a997
Convert -46553 (base 8) to base 14.
-7319
20a (base 15) to base 13
295
Convert 2305 (base 13) to base 12.
2a0a
Convert -8511 (base 11) to base 8.
-26001
Convert -11022 (base 6) to base 3.
-2002112
1130 (base 4) to base 7
161
-12341 (base 5) to base 15
-44b
Convert -100353 (base 6) to base 7.
-32040
What is 100101010 (base 2) in base 12?
20a
Convert 773 (base 13) to base 8.
2375
Convert -4023134 (base 5) to base 7.
-355040
-274 (base 13) to base 8
-661
-53412 (base 6) to base 14
-2920
15764 (base 8) to base 2
1101111110100
Convert 5414 (base 7) to base 11.
1498
Convert 21330 (base 10) to base 3.
1002021000
Convert -216 (base 7) to base 12.
-93
What is -12301 (base 6) in base 14?
-953
Convert -12450 (base 12) to base 8.
-60374
Convert 1054 (base 8) to base 15.
271
What is 15350 (base 9) in base 5?
313434
Convert -7403 (base 9) to base 15.
-1920
What is -4623 (base 10) in base 15?
-1583
-13216 (base 9) to base 6
-105153
Convert 16291 (base 10) to base 9.
24311
What is -1cc8 (base 14) in base 10?
-5272
What is 3220 (base 14) in base 5?
234102
Convert -8eef (base 16) to base 2.
-1000111011101111
What is 1011100001110 (base 2) in base 4?
1130032
What is -a18 (base 15) in base 2?
-100011100001
Convert -2b38 (base 14) to base 15.
-242e
What is 13022 (base 10) in base 11?
9869
What is 23300 (base 4) in base 15?
352
1c65 (base 16) to base 4
1301211
Convert 2b5 (base 16) to base 2.
1010110101
What is 2a6a (base 13) in base 3?
22110121
-429 (base 15) to base 11
-784
9dc2 (base 15) to base 4
20023022
-231 (base 5) to base 8
-102
2663 (base 16) to base 5
303302
1d2c (base 15) to base 3
22200220
Convert 13222 (base 5) to base 13.
639
-1a067 (base 12) to base 7
-216031
Convert 265 (base 13) to base 7.
1141
What is 2420 (base 6) in base 3?
210210
What is 1c41 (base 13) in base 5?
114103
What is -1140 (base 8) in base 14?
-316
What is 5ab (base 14) in base 10?
1131
Convert 123 (base 9) to base 7.
204
What is -2370 (base 8) in base 3?
-1202010
Convert -2206 (base 9) to base 8.
-3132
5314 (base 8) to base 4
223030
-60510 (base 10) to base 13
-21708
What is -431 (base 12) in base 15?
-2ad
Convert 2352 (base 6) to base 14.
2cc
Convert 103012201 (base 4) to base 14.
20729
-334312 (base 6) to base 2
-110111000100100
Convert 144 (base 11) to base 9.
207
What is -112230 (base 5) in base 2?
-111111100001
Convert 13301 (base 4) to base 5.
3442
2104 (base 6) to base 16
1d8
2234 (base 5) to base 16
13f
What is -21054 (base 11) in base 3?
-1120002000
2322101 (base 5) to base 12
20487
252234 (base 6) to base 12
1107a
Convert bbd6 (base 14) to base 3.
1122121202
4956 (base 12) to base 15
26b9
What is -552204 (base 6) in base 8?
-131454
What is 132b (base 13) in base 12?
1705
Convert 2014 (base 9) to base 10.
1471
-203322 (base 4) to base 8
-4372
111001000100 (base 2) to base 11
2820
Convert 132210 (base 4) to base 2.
11110100100
What is 102022002 (base 3) in base 9?
12262
Convert 3104 (base 5) to base 2.
110010100
-82dd (base 14) to base 12
-11063
What is -53066 (base 10) in base 16?
-cf4a
Convert 1682 (base 13) to base 7.
12446
Convert 3534 (base 6) to base 9.
1144
What is -2200 (base 3) in base 8?
-110
What is 2069 (base 12) in base 9?
4760
Convert 4140 (base 5) to base 6.
2305
Convert -102000 (base 5) to base 15.
-1000
What is -228a (base 11) in base 2?
-101110111010
Convert 110226 (base 7) to base 9.
28453
What is -38f (base 16) in base 9?
-1222
-1452 (base 14) to base 4
-320100
What is -351b (base 14) in base 5?
-243422
Convert -183a (base 13) to base 9.
-4837
Convert 121130 (base 6) to base 3.
112121000
6604 (base 12) to base 10
11236
Convert -22502 (base 8) to base 13.
-4459
-14714 (base 8) to base 10
-6604
What is -589 (base 10) in base 11?
-496
-301 (base 12) to base 3
-121001
-3331 (base 5) to base 14
-254
What is 24343 (base 5) in base 11?
1430
Convert 101021101 (base 3) to base 13.
3541
Convert 177 (base 8) to base 15.
87
-133 (base 9) to base 16
-6f
-417 (base 12) to base 15
-29a
-12155 (base 6) to base 4
-130013
What is 384 (base 14) in base 6?
3132
7c7f (base 16) to base 11
21a44
-d71 (base 16) to base 9
-4643
Convert 27c (base 14) to base 9.
617
What is -3311 (base 7) in base 10?
-1184
227 (base 12) to base 7
634
426d (base 14) to base 2
10110011001001
-263 (base 14) to base 12
-33b
Convert -ba47 (base 12) to base 15.
-611d
Convert -100467 (base 8) to base 2.
-1000000100110111
74c8 (base 16) to base 9
45007
Convert -4039 (base 10) to base 4.
-333013
-101011011 (base 2) to base 13
-209
11104 (base 10) to base 8
25540
Convert 33 (base 11) to base 16.
24
-11000001000 (base 2) to base 6
-11052
Convert 18911 (base 11) to base 14.
9890
302233 (base 4) to base 11
2492
8999 (base 14) to base 3
1012201101
Convert 122023 (base 4) to base 9.
2261
Convert -424441 (base 6) to base 3.
-1202122021
What is -11000100111 (base 2) in base 15?
-700
Convert 1354 (base 9) to base 4.
33331
-30010 (base 4) to base 10
-772
What is -2777 (base 8) in base 7?
-4322
What is -7354 (base 11) in base 9?
-14321
Convert 1611 (base 9) to base 14.
637
-84a (base 13) to base 10
-1414
What is 1431 (base 6) in base 10?
379
What is 5664 (base 14) in base 9?
22488
Convert 12020 (base 3) to base 4.
2031
Convert -431044 (base 5) to base 15.
-4484
16402 (base 8) to base 2
1110100000010
Convert 1414 (base 7) to base 3.
202101
110001 (base 3) to base 16
145
What is -3f9 (base 16) in base 2?
-1111111001
What is -274 (base 13) in base 10?
-433
What is 440 (base 7) in base 8?
340
-121002 (base 4) to base 15
-71c
Convert 15367 (base 9) to base 13.
4a26
What is 44243 (base 6) in base 9?
8380
-1a07 (base 15) to base 11
-4260
Convert -2466 (base 8) to base 6.
-10102
Convert 200020210 (base 3) to base 9.
20223
-1110343 (base 6) to base 16
-da37
Convert 233233 (base 4) to base 9.
4164
-7508 (base 11) to base 7
-40644
Convert -1010122 (base 3) to base 7.
-2261
Convert -15157 (base 13) to base 16.
-9b6b
-36114 (base 7) to base 14
-357b
1203 (base 5) to base 4
2302
3085 (base 9) to base 8
4330
What is -1000111 (base 3) in base 11?
-615
-a7a2 (base 11) to base 12
-8311
What is -10c50 (base 13) in base 4?
-13132332
Convert -3eb (base 15) to base 9.
-1205
Convert -221021 (base 3) to base 4.
-22222
2335 (base 6) to base 2
1000110011
-52451 (base 6) to base 14
-2823
-a24 (base 14) to base 6
-13120
-7588 (base 10) to base 6
-55044
Convert -2bc (base 15) to base 12.
-443
Convert 156 (base 12) to base 13.
132
-301022 (base 6) to base 2
-101110000000110
What is 1023221 (base 4) in base 8?
11351
-1b9 (base 12) to base 6
-1153
111011000000 (base 2) to base 8
7300
-26168 (base 10) to base 16
-6638
-202121212 (base 3) to base 12
-884b
-168 (base 13) to base 7
-513
-20022020 (base 3) to base 10
-4596
Convert 101101011 (base 2) to base 15.
193
-102032311 (base 4) to base 7
-430501
What is 106122 (base 7) in base 9?
27863
3e99 (base 15) to base 2
11010001101011
What is -5ca (base 15) in base 4?
-110203
What is -3241 (base 5) in base 2?
-110111110
What is -336 (base 8) in base 15?
-ec
Convert -2001122 (base 3) to base 13.
-8b7
What is -11011111000 (base 2) in base 9?
-2402
What is -b512 (base 12) in base 14?
-72a2
Convert 1371 (base 8) to base 4.
23321
What is 4a0a (base 15) in base 16?
3d90
Convert 110212201 (base 3) to base 12.
5524
What is 379 (base 10) in bas